 5277?
5277
What is the highest common divisor of 1177966 and 739?
739
What is the greatest common factor of 6084 and 8978463?
1521
Calculate the greatest common factor of 5131881 and 456.
57
Calculate the greatest common factor of 12369 and 115165.
31
Calculate the highest common divisor of 6372755 and 41429.
2437
Calculate the highest common factor of 18 and 1186146513.
9
Calculate the greatest common factor of 108862086 and 54.
6
What is the highest common divisor of 250 and 136575?
25
What is the greatest common factor of 234 and 891846?
18
Calculate the highest common factor of 400 and 7085650.
50
Calculate the highest common factor of 118817 and 1048.
131
Calculate the highest common factor of 2348 and 14128.
4
What is the highest common divisor of 2192 and 3528848?
16
Calculate the highest common divisor of 40 and 1115698120.
40
What is the greatest common divisor of 544289 and 884255?
1717
Calculate the greatest common divisor of 27 and 118071.
27
Calculate the highest common divisor of 3603 and 56601929.
1201
Calculate the highest common divisor of 384 and 38387856.
48
Calculate the greatest common factor of 3813070028 and 82.
82
Calculate the highest common factor of 19325544 and 952.
56
What is the greatest common factor of 1212005 and 102803?
223
What is the highest common factor of 1611 and 921850?
179
What is the greatest common divisor of 12104003 and 11538?
641
What is the greatest common factor of 93704 and 203864?
136
Calculate the highest common factor of 98816 and 194032.
16
What is the highest common divisor of 251480 and 1690?
10
Calculate the highest common factor of 1809 and 437319.
27
What is the greatest common divisor of 18239764 and 5317?
409
Calculate the highest common factor of 6441 and 3156.
3
What is the highest common divisor of 24193344 and 423598?
5362
Calculate the highest common factor of 4090017 and 222.
111
Calculate the highest common divisor of 717836 and 2520.
28
What is the greatest common factor of 813375 and 1786500?
1125
What is the greatest common divisor of 4636247 and 48356?
77
Calculate the highest common factor of 2317766 and 1298.
22
Calculate the greatest common factor of 742 and 878.
2
Calculate the highest common factor of 1875 and 7260625.
625
What is the greatest common divisor of 541760 and 4120?
40
Calculate the greatest common factor of 21289 and 137311.
61
Calculate the highest common divisor of 4329 and 14083569.
333
What is the highest common factor of 16089 and 23345697?
93
What is the greatest common factor of 1537 and 186295?
53
Calculate the greatest common factor of 2667 and 66948.
21
Calculate the greatest common factor of 791092 and 476.
4
What is the greatest common divisor of 366900 and 2246100?
300
What is the greatest common divisor of 33434124 and 12?
12
What is the greatest common factor of 78 and 111257718?
78
What is the greatest common factor of 5616624 and 2184?
312
What is the greatest common divisor of 1253840 and 1840?
80
What is the highest common divisor of 29158 and 269?
1
Calculate the highest common divisor of 5307 and 525045.
87
Calculate the greatest common factor of 126 and 888443262.
126
What is the highest common divisor of 377425 and 35?
5
Calculate the greatest common divisor of 70 and 10703728.
14
What is the greatest common factor of 28961592 and 24?
24
What is the highest common factor of 1560 and 1587480?
120
Calculate the greatest common divisor of 12 and 1092644268.
12
Calculate the greatest common factor of 86319 and 1235790.
621
Calculate the highest common factor of 1535 and 22275920.
1535
What is the greatest common divisor of 161 and 240289?
7
What is the greatest common factor of 1667682 and 270?
54
Calculate the highest common factor of 276660 and 6927100.
1060
Calculate the highest common divisor of 8 and 26461528.
8
What is the highest common divisor of 14302 and 2326?
2
What is the highest common factor of 7 and 42253722?
7
What is the highest common divisor of 55998 and 12306708?
918
Calculate the highest common factor of 1465 and 336629165.
1465
What is the greatest common factor of 15693263 and 468710?
4261
Calculate the highest common divisor of 23 and 135147080.
23
What is the highest common factor of 10695 and 289230?
465
What is the highest common factor of 1013656 and 220248?
1288
What is the highest common factor of 391 and 9162694?
391
What is the highest common factor of 32540 and 22754?
2
What is the highest common factor of 4224 and 17948416?
128
Calculate the greatest common divisor of 21 and 46050102.
21
What is the greatest common factor of 24 and 225126?
6
Calculate the highest common divisor of 36 and 75445254.
18
Calculate the greatest common factor of 2255620 and 5220.
580
What is the highest common factor of 338 and 322023?
13
Calculate the highest common divisor of 50 and 38746925.
25
What is the highest common divisor of 6323966 and 12796?
914
What is the highest common divisor of 684 and 3519756?
36
Calculate the highest common divisor of 38176755 and 90.
15
Calculate the highest common divisor of 360920 and 33160.
40
Calculate the greatest common divisor of 8680203 and 48069.
441
Calculate the greatest common factor of 3486045 and 120495.
4155
What is the greatest common factor of 54197 and 602231?
379
Calculate the greatest common divisor of 5312 and 19264.
64
What is the greatest common factor of 218 and 48835052?
218
Calculate the highest common factor of 107927369 and 2068.
517
Calculate the greatest common factor of 429969 and 41.
1
Calculate the highest common divisor of 2813 and 388774.
29
Calculate the highest common factor of 367605 and 16155.
45
What is the highest common divisor of 2906677056 and 48?
48
Calculate the highest common factor of 21193405 and 45525.
3035
What is the highest common divisor of 974457576 and 848?
424
Calculate the highest common divisor of 39744512 and 16.
16
What is the greatest common factor of 30134 and 9485866?
1586
What is the highest common divisor of 146 and 450518?
2
What is the greatest common divisor of 776 and 262231546?
194
Calculate the greatest common divisor of 724438 and 850343.
1937
Calculate the highest common factor of 55 and 367480960.
55
What is the highest common divisor of 6795 and 52032335?
755
What is the highest common divisor of 12499622 and 590?
118
Calculate the highest common divisor of 1090 and 189200565.
545
What is the greatest common factor of 23440 and 37880?
40
Calculate the highest common divisor of 13 and 9968049.
13
Calculate the highest common factor of 7 and 10065185.
1
What is the greatest common factor of 495936 and 140835?
123
What is the highest common factor of 776 and 36376?
8
What is the greatest common divisor of 17606814 and 18?
6
Calculate the highest common divisor of 5304186 and 68779.
631
Calculate the highest common divisor of 21120 and 3260312.
88
What is the greatest common factor of 198 and 98625362?
22
What is the greatest common divisor of 5424232 and 4240?
424
What is the greatest common divisor of 2096514 and 4410?
882
Calculate the greatest common divisor of 16074107 and 21.
7
What is the highest common factor of 2205 and 16997148?
63
Calculate the greatest common divisor of 1234 and 4305906026.
1234
Calculate the highest common factor of 2504886 and 1431.
159
What is the greatest common factor of 781 and 201052546?
71
Calculate the highest common divisor of 3908150 and 1350.
50
Calculate the highest common factor of 20746532 and 424.
212
Calculate the greatest common factor of 67 and 771973.
1
What is the highest common factor of 96180 and 24948?
84
What is the greatest common factor of 76144464 and 11448?
3816
Calculate the greatest common divisor of 10256766 and 2379.
39
What is the highest common divisor of 88780 and 2500?
20
Calculate the highest common divisor of 219 and 2305997.
73
Calculate the greatest common factor of 31429042 and 3362.
82
Calculate the highest common factor of 51437421 and 266994.
10269
What is the highest common divisor of 1953 and 15789354?
651
What is the greatest common divisor of 6896 and 206288?
16
What is the greatest common factor of 476586 and 3531?
33
Calculate the greatest common divisor of 11316 and 65529852.
276
Calculate the greatest common divisor of 5092956 and 8